9140?
True
Is 3 a factor of 1028259?
True
Is 19425 a multiple of 668?
False
Is 144431 a multiple of 7?
True
Does 58 divide 421660?
True
Is 12425602 a multiple of 244?
False
Is 1338075 a multiple of 75?
True
Is 1302380 a multiple of 124?
False
Does 8 divide 22930?
False
Does 40 divide 5130520?
True
Is 136 a factor of 189752?
False
Is 18 a factor of 2790?
True
Is 27 a factor of 76842?
True
Does 6 divide 142012?
False
Is 76272 a multiple of 148?
False
Is 3 a factor of 97393?
False
Does 549 divide 2431521?
True
Is 1144153 a multiple of 652?
False
Is 4488762 a multiple of 123?
True
Does 11 divide 79438?
False
Is 9 a factor of 1982556?
True
Is 16089319 a multiple of 2107?
False
Is 18 a factor of 56017?
False
Does 91 divide 105155?
False
Is 43 a factor of 18510513?
False
Is 8887963 a multiple of 25?
False
Does 13 divide 1618201?
True
Is 151 a factor of 4094214?
True
Is 102 a factor of 892398?
True
Does 50 divide 4533550?
True
Does 79 divide 22041?
True
Is 24 a factor of 1419456?
True
Does 114 divide 700188?
True
Is 27930 a multiple of 33?
False
Does 36 divide 94464?
True
Is 1419228 a multiple of 153?
True
Does 10 divide 270000?
True
Is 1037 a factor of 1954432?
False
Is 49 a factor of 2133166?
True
Is 2202372 even?
True
Does 63 divide 101745?
True
Is 271362 a multiple of 497?
True
Is 1255 a factor of 5673406?
False
Is 313248 a multiple of 12?
True
Does 14 divide 1044680?
True
Is 1432 a factor of 2417216?
True
Is 11 a factor of 1288952?
False
Is 242028 a multiple of 10?
False
Is 89 a factor of 353953?
True
Does 2 divide 4052?
True
Is 220618 a multiple of 47?
True
Does 119 divide 156519?
False
Is 700188 a multiple of 249?
True
Is 1297810 a multiple of 557?
True
Does 112 divide 2160368?
True
Is 439 a factor of 571911?
False
Is 121 a factor of 1038006?
False
Does 128 divide 38144?
True
Does 45 divide 698310?
True
Is 1320359 a multiple of 331?
True
Is 48979 a multiple of 64?
False
Is 9 a factor of 19209636?
True
Does 445 divide 235251?
False
Is 22 a factor of 975805?
False
Is 1545728 a multiple of 32?
True
Does 15 divide 138960?
True
Is 1092832 a multiple of 8?
True
Is 87 a factor of 16300?
False
Is 26 a factor of 82472?
True
Is 160 a factor of 1390080?
True
Does 25 divide 357449?
False
Is 5737050 a multiple of 950?
True
Is 1242520 a multiple of 40?
True
Is 1119021 a multiple of 16?
False
Is 7 a factor of 1333761?
False
Is 27072 a multiple of 8?
True
Is 138 a factor of 178123?
False
Does 18 divide 2362896?
True
Does 64 divide 143317?
False
Is 232 a factor of 990640?
True
Is 80 a factor of 638352?
False
Does 119 divide 42721?
True
Is 107 a factor of 5152008?
False
Is 3914415 a multiple of 163?
False
Is 92 a factor of 634064?
True
Is 1153262 a multiple of 209?
True
Is 180345 a multiple of 3?
True
Is 458388 a multiple of 714?
True
Is 638641 a multiple of 23?
True
Does 49 divide 597947?
True
Is 633947 a multiple of 89?
True
Is 16 a factor of 13178944?
True
Is 1231 a factor of 2524781?
True
Is 274328 a multiple of 53?
True
Is 332040 a multiple of 10?
True
Does 211 divide 646560?
False
Is 593568 a multiple of 864?
True
Does 53 divide 939213?
True
Is 24349 a multiple of 13?
True
Is 63 a factor of 3350277?
True
Does 680 divide 417251?
False
Is 5536193 a multiple of 11?
False
Is 20 a factor of 9066381?
False
Is 12 a factor of 1590224?
False
Does 464 divide 67744?
True
Is 1486364 a multiple of 332?
True
Is 59 a factor of 25924?
False
Is 11 a factor of 4576273?
False
Does 222 divide 2052807?
False
Is 56867 a multiple of 19?
True
Does 23 divide 1817851?
True
Is 110 a factor of 567710?
True
Does 162 divide 1800664?
False
Does 61 divide 188673?
True
Is 29 a factor of 30944?
False
Does 415 divide 202232?
False
Is 20 a factor of 3639520?
True
Is 428800 a multiple of 670?
True
Does 26 divide 64042?
False
Is 57 a factor of 356022?
True
Is 17 a factor of 25684?
False
Does 19 divide 4594751?
True
Does 89 divide 94340?
True
Is 174522 a multiple of 17?
True
Is 10 a factor of 6163378?
False
Is 50 a factor of 38637?
False
Is 95565 a multiple of 23?
True
Does 23 divide 50761?
True
Does 252 divide 2030616?
True
Does 13 divide 102320?
False
Does 322 divide 290766?
True
Does 21 divide 15693048?
True
Is 6068513 a multiple of 583?
False
Does 27 divide 5167338?
False
Is 2 a factor of 199778?
True
Is 596938 a multiple of 362?
True
Is 3323790 a multiple of 22?
False
Does 9 divide 21420?
True
Does 29 divide 286189?
False
Does 214 divide 4846672?
True
Does 4 divide 2220?
True
Is 567 a factor of 3465010?
False
Is 546 a factor of 781872?
True
Is 1516 a factor of 5221373?
False
Is 231 a factor of 928980?
False
Is 5010354 a multiple of 13?
False
Is 23 a factor of 845575?
False
Is 682213 a multiple of 182?
False
Is 198353 a multiple of 134?
False
Does 6 divide 39667?
False
Does 9 divide 8095747?
False
Is 47 a factor of 9444838?
True
Does 129 divide 226620?
False
Is 5399 a multiple of 17?
False
Does 9 divide 55179?
True
Is 307065 a multiple of 165?
True
Is 4223163 a multiple of 147?
True
Is 38355 a multiple of 2?
False
Is 1065936 a multiple of 33?
False
Does 8 divide 63560?
True
Is 47484 a multiple of 36?
True
Does 144 divide 152078?
False
Is 80 a factor of 10438977?
False
Is 7 a factor of 1389997?
True
Is 799805 a multiple of 20?
False
Is 30 a factor of 777083?
False
Is 68 a factor of 1099220?
True
Is 12 a factor of 34776?
True
Does 6 divide 156270?
True
Is 194 a factor of 477432?
False
Is 655336 a multiple of 44?
True
Is 5623328 a multiple of 62?
False
Is 56944 a multiple of 4?
True
Does 253 divide 275138?
False
Is 7045360 a multiple of 460?
True
Is 57 a factor of 30609?
True
Is 31185 a multiple of 103?
False
Is 3299803 a multiple of 10?
False
Is 3739072 a multiple of 8?
True
Is 244818 a multiple of 6?
True
Is 32 a factor of 440250?
False
Does 1103 divide 5361683?
True
Does 13 divide 18112?
False
Does 91 divide 53053?
True
Is 426 a factor of 112890?
True
Is 188 a factor of 952453?
False
Is 8 a factor of 603004?
False
Is 36 a factor of 200652?
False
Does 4 divide 2092239?
False
Is 7662636 a multiple of 187?
False
Is 8023038 a multiple of 9?
False
Does 44 divide 213660?
False
Is 111772 a multiple of 4?
True
Is 29665 a multiple of 349?
True
Is 6 a factor of 44612?
False
Is 146982 a multiple of 561?
True
Is 151517 a multiple of 3?
False
Is 4 a factor of 4650?
False
Is 5 a factor of 162025?
True
Does 39 divide 168219?
False
Is 1205 a multiple of 88?
False
Is 598262 a multiple of 22?
False
Does 42 divide 6524268?
False
Is 186410 a multiple of 70?
True
Is 700 a factor of 724549?
False
Does 118 divide 5594262?
True
Is 125 a factor of 465125?
True
Does 126 divide 54785?
False
Is 2355 a factor of 11433525?
True
Is 365712 a multiple of 802?
True
Is 11 a factor of 24771?
False
Does 55 divide 397925?
True
Is 1051 a factor of 1671608?
False
Is 1718664 a multiple of 76?
True
Does 168 divide 290364?
False
Is 19 a factor of 1287602?
False
Is 631064 a multiple of 7?
True
Does 47 divide 544354?
True
Is 206 a factor of 63242?
True
Is 3 a factor of 1511352?
True
Does 23 divide 157908?
False
Is 15 a factor of 1314879?
False
Is 16 a factor of 2700068?
False
Is 499624 a multiple of 38?
True
Does 12 divide 16821012?
True
Is 1017870 a multiple of 15?
True
Is 5 a factor of 14547?
False
Is 32 a factor of 24009?
False
Is 5616946 a multiple of 38?
False
Is 75049 a multiple of 60?
False
Is 59 a factor of 5811299?
False
Does 8 divide 30672?
True
Does 4 divide 79729?
False
Is 120 a factor of 366720?
True
Is 11261 a multiple of 2?
False
Does 279 divide 408570?
False
Does 4 divide 939287?
False
Is 305970 a multiple of 210?
True
Does 113 divide 3535092?
True
Is 318 a factor of 437128?
False
Does 80 divide 1538753?
False
Is 145 a factor of 40562?
False
Does 196 divide 15792?
False
Is 9381324 a multiple of 18?
False
Is 8 a factor of 344761?
False
Is 91632 a multiple of 28?
False
Is 2013370 a multiple of 19?
False
Is 2079 a multiple of 99?
True
Does 149 divide 944660?
True
Does 75 divide 1977065?
False
Is 14795 a multiple of 11?
True
Does 34 divide 158589?
False
Does 14 divide 358063?
False
Is 332 a factor of 183836?
False
Is 16785 a multiple of 2?
False
Is 120888 a multiple of 18?
True
Is 123 a factor of 1051297?
False
Is 97 a factor of 218513?
False
Is 1123085 a multiple of 85?
False
Does 24 divide 575312?
False
Is 328 a fac